ative of -c**6/120 - c**5/15 + c**4/6 + c**3 + c**2. Calculate the remainder when 10/3*6 - -1 is divided by i(-5).
10
What is the remainder when ((-4)/6)/(18/(-1809)) is divided by 17?
16
Suppose x - 42 = -2*x. Suppose o - 4*g - 104 = -3*o, -5*o + 4*g = -130. What is the remainder when o is divided by x?
12
Let y(a) = a**3 + 7*a**2 - 10*a + 8. Suppose r + 9 = g - 2*g, g - r = -7. Calculate the remainder when 71 is divided by y(g).
23
Suppose -2*r - 3 + 1 = 0, 2*r + 114 = 2*c. What is the remainder when c is divided by 19?
18
Let r(j) = -j**2 + 8*j - 4. Let f(s) = 4*s - 3. Let y = 0 - -2. Let c be f(y). What is the remainder when 31 is divided by r(c)?
9
Suppose 0 = u - 0*u - 5*i - 37, 5*u - 2*i = 300. Let j(w) = -w**2 + 12*w - 11. Calculate the remainder when u is divided by j(9).
14
Let f = 6 - 5. What is the remainder when (-2)/f + 20 + -1 is divided by 6?
5
Let j be (-5)/15 - (-8)/(-3). Let d = 1 - 2. Calculate the remainder when 46 is divided by 48/9*j/d.
14
Suppose 2*s - q - 90 = 0, -2*s + s = q - 48. Let k = 67 - s. Calculate the remainder when k is divided by (-4)/14 + (-158)/(-14).
10
Let w = 3 + 0. Suppose 5 + 13 = w*u. Calculate the remainder when 19 - (0/(-3) - -2) is divided by u.
5
Suppose 0 = l + 3*l + 84. What is the remainder when 34 is divided by (-4)/(-14) + (-372)/l?
16
Suppose i + 4*r + 5 = 3, 5*i - 4*r = 86. Let t(v) = 15*v**3 - v**2. Let s be t(1). Suppose -26 = -n + s. Calculate the remainder when n is divided by i.
12
Let r = 12 - 10. What is the remainder when 6 is divided by r?
0
Suppose 3*l + 60 = -75. Calculate the remainder when l*(1 + -2) + 1 is divided by 12.
10
Let n(y) = -y**2 + 6*y + 5. Let f be n(6). Let a(q) = -q. Let u be a(4). Let l = u + f. Calculate the remainder when 1 is divided by l.
0
Suppose l - 31 = -4. Calculate the remainder when l is divided by 7.
6
Let x = -61 + 87. Suppose 6*h - 29 - 79 = 0. Let n = x - h. What is the remainder when n is divided by 5?
3
Let r(v) = -2*v**2 + 14*v + 26. Let q = 34 + -7. Calculate the remainder when q is divided by r(8).
7
Let g(t) = t**3 + 7*t**2 + 6*t. What is the remainder when 46 is divided by g(-4)?
22
Suppose -10*w - 259 = -639. Calculate the remainder when w is divided by 20.
18
Suppose -24 = -3*k - k. Suppose 3*m - k = 15. Calculate the remainder when 19 is divided by m.
5
What is the remainder when (-197)/(-5) - 2/5 is divided by 7?
4
Suppose 4*v - 336 = -4*d, 4*d + d + 372 = 4*v. Suppose -5*i = -v - 17. Let z(y) = 8*y**2 - 4*y. What is the remainder when z(3) is divided by i?
18
Let j = 7 + -2. Suppose j = -4*p + 229. Calculate the remainder when p is divided by 19.
18
Suppose 0 = -0*a + a - 70. What is the remainder when a is divided by 24?
22
Let c = -45 - -59. Calculate the remainder when c is divided by 10.
4
What is the remainder when ((-56)/(-4))/((-4)/(-16)) is divided by 20?
16
Let f(a) = a + 16. Calculate the remainder when (-118)/(-24)*3*4 is divided by f(4).
19
Let n = -18 + 20. Suppose 3*a - n*a = 16. Let t(i) = -11*i - 3. What is the remainder when t(-3) is divided by a?
14
Let j(z) = -z**3 + 6*z**2 - z + 2. Let g be j(5). What is the remainder when 70 is divided by 4/g - 1372/(-77)?
16
Let o(z) be the first derivative of -z**3/3 - 7*z**2/2 + z + 1. What is the remainder when 30 is divided by o(-5)?
8
Suppose -4*a - s + 32 = 0, 5*s + 29 = 4*a - 3. Suppose -2*q - q = -102. Let b = q + -19. Calculate the remainder when b is divided by a.
7
Suppose 20*f = 23*f - 96. Calculate the remainder when f is divided by 7.
4
Let o be 2/8 + (-3)/12. Suppose 0*p + 4*p - 132 = o. Let l = 61 - p. What is the remainder when l is divided by 15?
13
Suppose l - 64 = -3*l. Let b = l + 9. What is the remainder when b is divided by 7?
4
Let r = -28 + 38. Calculate the remainder when 19 is divided by r.
9
Let o(y) = 7*y - 5. Let b be o(-7). What is the remainder when 4/14 + b/(-7) is divided by 3?
2
Suppose 2*v - 4 = 4. Suppose -v*t + 16 = -72. Calculate the remainder when t is divided by 5.
2
Suppose -q = 3*q + 4. Let g = 4 + q. Calculate the remainder when (4 - 80/15)*-3 is divided by g.
1
Suppose -11 = -2*h + 9. Let i = h + -3. Calculate the remainder when i is divided by 1 + (-1 - -1 - -2).
1
Calculate the remainder when (19 + -21)*30/(-4) is divided by 2.
1
Let a(u) = u**3 - 2*u**2 + 3*u + 2. Let s = 1 + 2. Let c be a(s). Suppose -73 = -b - c. Calculate the remainder when b is divided by 18.
17
What is the remainder when (-8768)/(-176) - (-4)/22 is divided by 13?
11
Let c(k) = k**2 + 4*k + 1. Calculate the remainder when 20 is divided by c(-6).
7
Let m(v) = -v**3 + 7*v**2 + 9*v + 10. Let z be m(8). Let c = 0 + z. Let i(x) = x**3 - 10*x**2 - 9*x - 15. Calculate the remainder when c is divided by i(11).
4
Let n = -66 + 97. Calculate the remainder when n is divided by 17.
14
Let v = 2 - -6. Let h be ((-7)/(-14))/(2/12). Suppose -46 = -h*y - 4. Calculate the remainder when y is divided by v.
6
Suppose 2*j + 6 = -0*j. Let m be j/(-6) - 3/(-2). Suppose -80 = m*g - 4*g - 2*q, 4*g + q - 154 = 0. What is the remainder when g is divided by 10?
8
Let y = -14 - -4. Let w be y/4*2*-2. Suppose -w = -3*o - c, c + 4*c = -25. What is the remainder when 8 is divided by o?
3
Suppose -11 + 42 = s. Calculate the remainder when 5 + s - 1*-1 is divided by 19.
18
Suppose -49 + 5 = -2*f. Suppose -5*k - 23 = -3*d - k, -5*d = -4*k - 49. Suppose -d*h = -12*h - 65. Calculate the remainder when h is divided by f.
21
Let s(t) = t**2 + t + 1. Let j be s(-1). Let g = 4 + j. Calculate the remainder when (36/(-10))/(9/(-30)) is divided by g.
2
Let q(k) = -k**2 + 11*k. Let c be q(8). Suppose -7*u = -3*u. Suppose -i + 5*i - c = u. What is the remainder when 16 is divided by i?
4
Let d be (-2)/10 + 42/10. Let x = -2 - -8. Let s = x - d. What is the remainder when 3 is divided by s?
1
Let a(y) = y**2 - 3*y - 6. Let m be a(-5). Suppose 5*f - 26 - m = 0. Calculate the remainder when 21 is divided by f.
9
Suppose -5 = -r + 4. Calculate the remainder when r is divided by 5.
4
Suppose 11*q + 399 = 2368. What is the remainder when q is divided by 18?
17
Let o(b) = -2*b**2 - 18*b - 2. Calculate the remainder when 25 is divided by o(-8).
11
Suppose 4 = -3*y + 2*p, -13 = 2*y - y - 3*p. Suppose 4*v = y*r - 28, 3*r + 4*v = -0 + 2. Let l = -8 + 18. Calculate the remainder when l is divided by r.
4
Suppose 0 = 2*f - 4*s - s - 81, f = -4*s + 8. Calculate the remainder when f is divided by 10.
8
Let x = 22 - 16. Let f(z) = -5*z - 5. Calculate the remainder when 612/14 - x/(-21) is divided by f(-4).
14
Suppose 0 = w + i - 39, -149 = -4*w + 5*i + 34. Calculate the remainder when (w/(-15))/((-1)/5) is divided by 8.
6
Let c(k) = -k**3 - 16*k**2 + 18*k + 22. What is the remainder when c(-17) is divided by 4?
1
Let c(t) = t**2 - 5*t - 2. Let o be c(6). Suppose -64 = o*b - 256. Suppose b = 4*q - 2*q. Calculate the remainder when q is divided by 13.
11
Let b = -144 + 169. Calculate the remainder when 47 is divided by b.
22
Suppose 0*y = 4*y - 2*j + 46, -3*y = 5*j + 2. Let n = y + 18. What is the remainder when 35 is divided by n?
8
Let g = -120 - -143. What is the remainder when 86 is divided by g?
17
Let t = 14 + -6. What is the remainder when 15 is divided by t?
7
Suppose 4 = -3*f - 2. Let k(q) = -4*q - 5. Let u(a) = -2*a**3 - 2*a**2 + 1. Calculate the remainder when k(f) is divided by u(-1).
0
Suppose 4*u + 5*g = -11, -g = -3*u - 5*g - 9. What is the remainder when (-1)/(2/(-4)) + -1 is divided by 8/12 + u/3?
0
Suppose -121 = -3*x - p, x - 24 = -2*p + 8. Suppose -7*s + 59 = 3*o - 3*s, 0 = -4*o + 2*s + x. Calculate the remainder when 10/(-2)*(-1 - 4) is divided by o.
12
Let g(v) = v**2 - v + 1. Let l(u) = -u + 10. Let n be l(5). Suppose 0*t = -3*c - 5*t + 92, t - 124 = -n*c. What is the remainder when c is divided by g(4)?
11
Let x = 28 - 17. Suppose -90 = -21*i - 6. Calculate the remainder when x is divided by i.
3
Let b be -14 + 1*-4 + 3. Let n = 11 + b. Calculate the remainder when 19 is divided by 1/((-4)/11)*n.
8
Let f = -17 + 9. Let x be (5 + -1)*(-30)/f. Calculate the remainder when 19 is divided by x/2*(-12)/(-9).
9
Suppose 4*r + 1 = 33. What is the remainder when 45 is divided by r?
5
Suppose -u - 5*t = -54, -t - 100 - 40 = -5*u. Calculate the remainder when 143 is divided by u.
27
Let a = 0 + 2. Suppose 